 Give u(-3).
-4
Let g(b) = -b**3 - 5*b**2 - 4*b - 1. Determine g(-5).
19
Let b(l) = -2*l**3 - 5*l**2 - 4*l - 3. Calculate b(-3).
18
Let b(q) = q**3 - 24*q**2 + 22*q + 22. Give b(23).
-1
Let i(s) = -16*s**3 + s. Determine i(1).
-15
Let b(q) = q**2 + 9*q - 8. What is b(-8)?
-16
Let u(o) = o**3 + 24*o**2 + 16*o - 160. Determine u(-23).
1
Let j(v) = -4*v**2 - 40*v + 90. Determine j(2).
-6
Let h(k) = -k**3 + k**2 + k. Give h(3).
-15
Let o(y) = -y**3 + 6*y**2 + 14*y + 1. What is o(8)?
-15
Let t(p) = -p**3 + 5*p**2 + 4*p + 4. Calculate t(6).
-8
Let m(g) = -g**3 - 10*g**2 + 22*g - 4. What is m(-12)?
20
Let r(z) = z + 16. What is r(-17)?
-1
Let g(j) = j**2 - 7*j - 47. What is g(-5)?
13
Let r(k) = -10*k**3 + 2*k + 1. Determine r(-2).
77
Let x(o) = -2*o**3 - 6*o**2 + 16*o + 63. Give x(-5).
83
Let m(i) = i**3 + 84*i**2 + 4*i + 332. What is m(-84)?
-4
Let b(h) = 2*h**3 - 2*h**2 + 1. What is b(-1)?
-3
Let a(h) = -2*h**2 + 8*h + 1. Calculate a(-4).
-63
Let b(y) = 2*y**3 - 27*y**2 + 28*y + 15. Give b(12).
-81
Let r(u) = -2*u**3 - 8*u**2 + 5*u - 1. Determine r(-5).
24
Let y(g) = -7*g + 4. Give y(-4).
32
Let y(s) = s**3 + s**2 - 9*s + 6. Calculate y(2).
0
Let g(r) = -2*r + 23. Determine g(14).
-5
Let m(p) = 12*p + 1. Determine m(-2).
-23
Let f(m) = -m**3 + 2*m**2 + 8*m + 5. What is f(4)?
5
Let j(n) = 6*n**3 - 5*n**2 + 2*n + 1. Give j(2).
33
Let b(c) = -3*c - 41. Give b(-16).
7
Let n(m) = m**2 + m - 2. Determine n(3).
10
Let d(k) = -k**2 - 19*k - 33. What is d(-17)?
1
Let o(u) = -u**2 - u + 11. Determine o(0).
11
Let v(k) = k**3 + 14*k**2 - 10*k + 74. Determine v(-15).
-1
Let j(k) = -30*k - 4. What is j(-1)?
26
Let q(o) = -o**2 - 15*o - 14. Calculate q(-13).
12
Let j(i) = -i. What is j(20)?
-20
Let z(m) = -m**3 - 3*m**2 + 4*m + 6. Calculate z(-4).
6
Let c(h) = h**2 + 2*h - 12. Determine c(-9).
51
Let a(s) = -6*s + 10. Calculate a(2).
-2
Let h(s) = -2*s + 10. Calculate h(0).
10
Let h(k) = k - 8. Determine h(4).
-4
Let a(l) = 20*l - 10. Give a(5).
90
Let w(p) = 4*p - 40. What is w(18)?
32
Let m(w) = -w - 12. Determine m(-16).
4
Let x(p) = -38*p + 240. Calculate x(6).
12
Let b(x) = x**2 + 4*x - 8. Give b(-5).
-3
Let y(f) = -2*f**3 + 2*f**2 + 4*f + 2. What is y(-1)?
2
Let h(d) = 10*d - 2. Determine h(1).
8
Let u(a) = -a - 5. Give u(-1).
-4
Let o(p) = 173*p**3 + 3*p**2 - 1. What is o(-1)?
-171
Let a(l) = l**2 - 10*l + 6. Determine a(9).
-3
Let m(l) = 7*l - 1. Determine m(-5).
-36
Let s(v) = -3*v**2 - 8*v - 27. Determine s(-3).
-30
Let w(u) = -u**3 - 12*u**2 - 17*u + 28. Give w(-10).
-2
Let v(t) = t**2 + 8*t + 2. Give v(-8).
2
Let r(t) = t**3 + 11*t**2 + 9*t - 9. Calculate r(-10).
1
Let z(h) = -12*h + 30. What is z(5)?
-30
Let y(w) = -2*w**3 - 11*w**2 + w + 18. What is y(-5)?
-12
Let w(s) = -4*s + 15. Give w(8).
-17
Let b(y) = y**2 - 3. Calculate b(0).
-3
Let f(y) = y**3 + 11*y**2 - 4*y - 22. Give f(-11).
22
Let r(k) = -5*k - 10. Determine r(-4).
10
Let b(i) = -i**3 - 11*i**2 - 22*i - 10. Determine b(-8).
-26
Let t(b) = -5*b - 11. Determine t(5).
-36
Let g(x) = 3*x - 33. Give g(10).
-3
Let x(k) = k**3 + 13*k**2 + 23*k + 5. What is x(-11)?
-6
Let y(q) = -q**2 - 21*q - 20. What is y(-20)?
0
Let r(m) = m**2 - 19*m - 8. Give r(0).
-8
Let z(w) = 33*w - 242. Give z(7).
-11
Let n(b) = b**3 + 6*b**2 - 11*b + 8. Determine n(-8).
-32
Let s(y) = 19*y**3 + y. Give s(1).
20
Let f(o) = -o**3 - 5*o**2 - 7*o - 7. Give f(-4).
5
Let c(p) = -p**2 - 5*p + 3. Give c(-4).
7
Let w(f) = -f**3 + 22*f**2 - 54*f - 3. Determine w(3).
6
Let f(i) = 13*i + 133. Calculate f(-9).
16
Let p(a) = -a**2 - 9*a - 4. What is p(-7)?
10
Let b(t) = 21*t. Give b(-1).
-21
Let s(f) = -5*f - 16. What is s(-7)?
19
Let j(q) = q + 4. What is j(-5)?
-1
Let v(t) = t**2 - 6*t - 9. Determine v(-5).
46
Let y(s) = s + 57. Determine y(0).
57
Let s(t) = -t**2 + 10*t + 72. What is s(15)?
-3
Let n(c) = -c**3 - 4*c**2 + 9*c + 16. Determine n(-5).
-4
Let a(r) = -3*r**2 + 63*r - 8. What is a(21)?
-8
Let i(b) = -3*b + 149. Determine i(37).
38
Let w(z) = z + 1. What is w(7)?
8
Let l(j) = j**3 + 17*j**2 - 34*j + 69. What is l(-19)?
-7
Let w(b) = -b**3 + 7*b**2 - 12*b + 1. Determine w(6).
-35
Let b(t) = 24*t. Determine b(-1).
-24
Let v(u) = -9*u**3 - u + 1. What is v(1)?
-9
Let l(g) = 8*g + 27. What is l(-5)?
-13
Let z(d) = -d**2 + 10*d - 18. Calculate z(7).
3
Let r(z) = z - 35. Determine r(21).
-14
Let w(a) = -a**2 - 24*a - 14. Calculate w(-15).
121
Let b(d) = d**2 - 27*d + 99. Calculate b(5).
-11
Let m(d) = 2*d**3 + 3*d**2 - 5*d. What is m(-3)?
-12
Let a(v) = -v**3 + 19*v**2 - 17*v - 20. Determine a(18).
-2
Let c(f) = 5*f**2 + 4*f + 3. Determine c(-2).
15
Let j(f) = -f**2 + f - 26. Determine j(0).
-26
Let t(c) = c**3 - 13*c**2 + 40*c + 8. What is t(7)?
-6
Let m(o) = -o - 21. Give m(-15).
-6
Let d(a) = -3*a + 14. Determine d(7).
-7
Let p(v) = 5*v + 24. Determine p(-4).
4
Let g(z) = -z**2 + 30*z + 52. Calculate g(31).
21
Let g(l) = 29*l - 5. What is g(1)?
24
Let q(c) = c**2 + 2. Give q(-3).
11
Let i(g) = 2*g**3 - 12*g**2 - 18*g + 23. What is i(7)?
-5
Let v(t) = -t**3 - 7*t**2 + 21*t + 9. Give v(-10).
99
Let n(x) = -3*x**2 + 4*x - 3. Determine n(3).
-18
Let g(l) = -l**2 + 7*l - 12. Determine g(5).
-2
Let s(t) = -t**2 + 7*t - 4. Give s(-6).
-82
Let v(d) = 19*d - 75. Determine v(5).
20
Let f(y) = -2*y**3 + 48*y**2 - y + 27. Determine f(24).
3
Let c(p) = -4*p**2 + 3*p + 7. Determine c(-2).
-15
Let w(j) = -3*j + 1. Calculate w(-6).
19
Let z(k) = k**3 - 13*k**2 + 31*k - 19. Calculate z(9).
-64
Let n(s) = s + 40. Give n(-10).
30
Let j(u) = -2*u + 11. Calculate j(5).
1
Let g(s) = -8*s - 2. Calculate g(-5).
38
Let k(j) = j**3 + 24*j**2 - 10. Calculate k(-24).
-10
Let u(j) = -j**3 + 7*j**2 + 9*j + 3. Give u(8).
11
Let m(h) = h**2 - 2*h - 73. Determine m(-6).
-25
Let k(f) = f**3 + 17*f**2 + f + 11. What is k(-17)?
-6
Let q(x) = x + 19. Calculate q(0).
19
Let m(b) = 5*b - 18. Give m(-9).
-63
Let t(x) = -5*x + 26. What is t(7)?
-9
Let z(b) = 13*b - 17. What is z(6)?
61
Let r(t) = t - 7. Give r(-15).
-22
Let p(b) = 36*b**3 - b**2 - b - 1. Determine p(-1).
-37
Let l(h) = h + 10. Determine l(-12).
-2
Let r(w) = 32*w - 73. Give r(3).
23
Let v(k) = -11*k + 200. Calculate v(18).
2
Let a(p) = 10*p + 28. Determine a(-3).
-2
Let r(q) = -q**2 - 5*q + 2. What is r(-5)?
2
Let o(h) = -h**3 + h**2 + 28. Calculate o(0).
28
Let f(l) = -7*l - 8. Calculate f(-5).
27
Let v(p) = -p**2 + 19*p + 25. Calculate v(19).
25
Let d(w) = -w**2 + w - 36. Calculate d(0).
-36
Let y(c) = -2*c**2 - 25*c - 16. Give y(-5).
59
Let z(k) = 32*k**2 - 9*k + 9. Give z(1).
32
Let j(w) = -5*w - 5. Determine j(-12).
55
Let q(s) = -4*s**2 + 15*s - 7. Determine q(3).
2
Let z(k) = k**3 - 12*k**2 + 12*k - 5. Determine z(11).
6
Let o(x) = -5*x - 12. Give o(-3).
3
Let c(y) = -y**3 - 8*y**2 + 4*y - 10. Give c(-8).
-42
Let v(o) = -23*o - 25. Calculate v(-1).
-2
Let b(j) = 12*j - 15. Calculate b(2).
9
Let p(b) = 4*b - 16. Calculate p(4).
0
Let l(c) = -2*c - 17. Determine l(5).
-27
Let c(l) = -28*l**3 - 4*l**2 - 4*l - 1. What is c(-1)?
27
Let u(m) = -m**3 - 11. Give u(0).
-11
Let d(h) = -h**3 - 8*h**2 - 6*h + 3. Determine d(-7).
-4
Let d(a) = -16*a**2 - a. Calculate d(-1).
-15
Let m(s) = -5*s - 24. Determine m(-2).
-14
Let y(i) = i**2 + 16*i - 34. Determine y(-18).
2
Let w(x) = -x**2 + 6*x - 9. Calculate w(4).
-1
Let c(b) = b**2 - 9*b + 14. Give c(8).
6
Let i(y) = -7*y + 58. Calculate i(7).
9
Let v(y) = -y**2 + 54*y - 7. Determine v(54).
-7
Let g(y) = -y**3 + 4*y**2 + 8*y + 33. Give g(6).
9
Let l(p) = 3*p**3 - p**2 - 2*p - 2. What is l(-2)?
-26
Let y(q) = q**3 + 18*q**2 + 17*q - 10. What is y(-17)?
-10
Let h(s) = 3*s**2 + 41*s - 19. Give h(-14).
-5
Let s(a) = a**2 + 4*a - 42. What is s(6)?
18
Let y(z) = -7*z**2 - 11. What is y(3)?
-74
Let z(u) = -u**2 + 16*u + 3. What is z(16)?
3
Let c(l) = l**2 + 38*l + 173. What is c(-32)?
-19
Let g(j) = -j**3 + 4*j**2 + 6*j + 3. Calculate g(5).
8
Let p(d) = d**3 + 2*d**2 - 9*d - 12. Give p(-4).
-8
Let y(r) = r**2 + 46*r + 48. Give y(-44).
-40
Let n(v) = v**2 + 27*v - 72. What is n(-26)?
-98
Let b(u) = -u**3 + 8*u**2 + 20*u. Determine b(10).
0
Let f(j) = 6*j**2 + 10*j - 6. Calculate f(-3).
18
Let j(r) = -r**2 - 1. Calculate j(-2).
-5
Let n(h) = -9*h**3 + h**2 + 2*h. Determine n(1).
-6
Let n(m) = -5*m**2 + 7*m + 6. Determine n(-1).
-6
Let f(d) = -2*d**2 + 23*d. 